{"id":50,"date":"2025-10-10T12:28:54","date_gmt":"2025-10-10T12:28:54","guid":{"rendered":"https:\/\/fondsaai.org\/?page_id=50"},"modified":"2026-03-10T11:55:23","modified_gmt":"2026-03-10T11:55:23","slug":"contacts","status":"publish","type":"page","link":"https:\/\/fondsaai.org\/?page_id=50","title":{"rendered":"Contacts"},"content":{"rendered":"\n<ul class=\"wp-block-list\">\n<li>Si\u00e8ge social : Zone r\u00e9sidentielle Cotonou (R\u00e9publique du B\u00e9nin)<\/li>\n\n\n\n<li>Adresse : 06 B.P. 1823<\/li>\n\n\n\n<li>E-mail\u00a0: <a href=\"mailto:contact@fondsaai.org\">info@fondsaai.org<\/a><\/li>\n\n\n\n<li>Pr\u00e9sident du Conseil d\u2019Administration (PCA) : Monsieur&nbsp;SALAMI Zul-Kifl<\/li>\n<\/ul>\n","protected":false},"excerpt":{"rendered":"","protected":false},"author":1,"featured_media":0,"parent":0,"menu_order":0,"comment_status":"closed","ping_status":"closed","template":"","meta":{"footnotes":""},"class_list":["post-50","page","type-page","status-publish","hentry"],"_links":{"self":[{"href":"https:\/\/fondsaai.org\/index.php?rest_route=\/wp\/v2\/pages\/50","targetHints":{"allow":["GET"]}}],"collection":[{"href":"https:\/\/fondsaai.org\/index.php?rest_route=\/wp\/v2\/pages"}],"about":[{"href":"https:\/\/fondsaai.org\/index.php?rest_route=\/wp\/v2\/types\/page"}],"author":[{"embeddable":true,"href":"https:\/\/fondsaai.org\/index.php?rest_route=\/wp\/v2\/users\/1"}],"replies":[{"embeddable":true,"href":"https:\/\/fondsaai.org\/index.php?rest_route=%2Fwp%2Fv2%2Fcomments&post=50"}],"version-history":[{"count":5,"href":"https:\/\/fondsaai.org\/index.php?rest_route=\/wp\/v2\/pages\/50\/revisions"}],"predecessor-version":[{"id":240,"href":"https:\/\/fondsaai.org\/index.php?rest_route=\/wp\/v2\/pages\/50\/revisions\/240"}],"wp:attachment":[{"href":"https:\/\/fondsaai.org\/index.php?rest_route=%2Fwp%2Fv2%2Fmedia&parent=50"}],"curies":[{"name":"wp","href":"https:\/\/api.w.org\/{rel}","templated":true}]}}