{"id":63,"date":"2025-10-10T12:35:31","date_gmt":"2025-10-10T12:35:31","guid":{"rendered":"https:\/\/fondsaai.org\/?page_id=63"},"modified":"2025-10-10T13:14:23","modified_gmt":"2025-10-10T13:14:23","slug":"services-dassurance-microassurance","status":"publish","type":"page","link":"https:\/\/fondsaai.org\/?page_id=63","title":{"rendered":"Services d\u2019assurance (microassurance)"},"content":{"rendered":"\n<h3 class=\"wp-block-heading\"><strong>Microassurance \u2013 Prot\u00e9gez ce qui compte pour vous<\/strong><\/h3>\n\n\n\n<blockquote class=\"wp-block-quote is-layout-flow wp-block-quote-is-layout-flow\">\n<p>La s\u00e9curit\u00e9, c\u2019est aussi anticiper les impr\u00e9vus.<br>Avec nos produits de microassurance, vous b\u00e9n\u00e9ficiez d\u2019une couverture adapt\u00e9e \u00e0 vos moyens et \u00e0 votre r\u00e9alit\u00e9.<br><strong>Nos formules :<\/strong><\/p>\n<\/blockquote>\n\n\n\n<ul class=\"wp-block-list\">\n<li>Assurance vie et d\u00e9c\u00e8s<\/li>\n\n\n\n<li>Assurance sant\u00e9<\/li>\n\n\n\n<li>Assurance agricole (r\u00e9colte, b\u00e9tail)<\/li>\n\n\n\n<li>Assurance cr\u00e9dit<\/li>\n<\/ul>\n\n\n\n<p>&#x1f4a1; <em>Parce qu\u2019un coup dur ne doit pas compromettre vos efforts.<\/em><\/p>\n","protected":false},"excerpt":{"rendered":"<p>Microassurance \u2013 Prot\u00e9gez ce qui compte pour vous La s\u00e9curit\u00e9, c\u2019est aussi anticiper les impr\u00e9vus.Avec nos produits de microassurance, vous b\u00e9n\u00e9ficiez d\u2019une couverture adapt\u00e9e \u00e0 vos moyens et \u00e0 votre<\/p>\n<p><a href=\"https:\/\/fondsaai.org\/?page_id=63\" class=\"more-link\">Continue Reading<span class=\"screen-reader-text\">Services d\u2019assurance (microassurance)<\/span><\/a><\/p>\n","protected":false},"author":1,"featured_media":0,"parent":0,"menu_order":0,"comment_status":"closed","ping_status":"closed","template":"","meta":{"footnotes":""},"class_list":["post-63","page","type-page","status-publish","hentry"],"_links":{"self":[{"href":"https:\/\/fondsaai.org\/index.php?rest_route=\/wp\/v2\/pages\/63","targetHints":{"allow":["GET"]}}],"collection":[{"href":"https:\/\/fondsaai.org\/index.php?rest_route=\/wp\/v2\/pages"}],"about":[{"href":"https:\/\/fondsaai.org\/index.php?rest_route=\/wp\/v2\/types\/page"}],"author":[{"embeddable":true,"href":"https:\/\/fondsaai.org\/index.php?rest_route=\/wp\/v2\/users\/1"}],"replies":[{"embeddable":true,"href":"https:\/\/fondsaai.org\/index.php?rest_route=%2Fwp%2Fv2%2Fcomments&post=63"}],"version-history":[{"count":2,"href":"https:\/\/fondsaai.org\/index.php?rest_route=\/wp\/v2\/pages\/63\/revisions"}],"predecessor-version":[{"id":86,"href":"https:\/\/fondsaai.org\/index.php?rest_route=\/wp\/v2\/pages\/63\/revisions\/86"}],"wp:attachment":[{"href":"https:\/\/fondsaai.org\/index.php?rest_route=%2Fwp%2Fv2%2Fmedia&parent=63"}],"curies":[{"name":"wp","href":"https:\/\/api.w.org\/{rel}","templated":true}]}}